{"id":271,"date":"2019-04-22T11:44:15","date_gmt":"2019-04-22T11:44:15","guid":{"rendered":"http:\/\/localhost\/new_societe\/index.php\/interview\/"},"modified":"2026-02-21T13:35:30","modified_gmt":"2026-02-21T13:35:30","slug":"interview","status":"publish","type":"page","link":"https:\/\/societeanglaise.com\/index.php\/interview\/","title":{"rendered":"Interview"},"content":{"rendered":"<p><!-- epsilon\/advanced-slider --><br \/>\n<!-- epsilon\/Slides --><br \/>\nVotre Consultant en Affaires<br \/>\n39<br \/>\nLe Francais Au Service des Francais et des Francophones<br \/>\n30<br \/>\n100<br \/>\ncenter<br \/>\nalignmiddle<br \/>\n<img decoding=\"async\" src=\"https:\/\/societeanglaise.com\/wp-content\/uploads\/2019\/04\/london2-1600x600.jpg\" \/><br \/>\n#<br \/>\newf-btn&#8211;huge<br \/>\n32<br \/>\n#<br \/>\newf-btn&#8211;huge<br \/>\n32<br \/>\n<!-- \/epsilon\/Slides--><br \/>\n<!-- \/epsilon\/advanced-slider --><\/p>\n<p><!-- epsilon\/about --><br \/>\n{\u00ab\u00a0top\u00a0\u00bb:\u00a0\u00bb5&Prime;,\u00a0\u00bbright\u00a0\u00bb:null,\u00a0\u00bbbottom\u00a0\u00bb:null,\u00a0\u00bbleft\u00a0\u00bb:null,\u00a0\u00bbunit\u00a0\u00bb:\u00a0\u00bbpx\u00a0\u00bb}<br \/>\n{\u00ab\u00a0top\u00a0\u00bb:\u00a0\u00bb5&Prime;,\u00a0\u00bbright\u00a0\u00bb:null,\u00a0\u00bbbottom\u00a0\u00bb:null,\u00a0\u00bbleft\u00a0\u00bb:null,\u00a0\u00bbunit\u00a0\u00bb:\u00a0\u00bbpx\u00a0\u00bb}<br \/>\nInterview avec le directeur<br \/>\nInterview du webmaster de http:\/\/www.societeanglaise.com<\/p>\n<h6>Pouvez-vous nous pr\u00e9senter votre site ? <\/h6>\n<p>Quel est son r\u00f4le, ses objectifs&#8230;<\/p>\n<p>Mon objectif est de faire savoir a mes compatriotes et a tous les francophones que l U K reste le paradis du business. Les plus grosses entreprises francaises ont des sieges sociaux ici a Londres ou des \u00ab\u00a0offshores\u00a0\u00bb pendant que des millions de commercants , artisans &#8230;. travaillent 20 heures par jour pour payer les charges et leurs impots. Il est temps pour eux de savoir qu ils peuvent creer leur entreprise en U K , de profiter de ces avantages , profiter du systeme simplifie Anglais sans pour autant en etre residant.<\/p>\n<h6>D&rsquo;o\u00f9 vient le nom du site ?<\/h6>\n<p>j ai voulu faire tres simple et en Francais , que choisir de mieux . www.societeanglaise.com , a priori ce nom est populaire si j en crois tous les petits malins qui l utilisent pour se faire passer pour nous .<\/p>\n<h6>Comment avez-vous eu l&rsquo;id\u00e9e de cr\u00e9er ce site ?<\/h6>\n<p>je suis venu m&rsquo;installer \u00e0 Londres pour d\u00e9velopper un business avec un pays d Afrique , le Kenya , ancienne colonie British ,d&rsquo;o\u00f9 plus de faciliter entre Nairobi\/Londres que Paris\/Londres ou je r\u00e9sidais. Apres quelques semaines ici , des amis financiers Francais ont commence a me contacter pour que je leurs ouvre des LTD , 1,2,3 &#8230;j ai commence a m\u00e9diter la chose et a passer une petite annonce , surprise beaucoup de curieux.<\/p>\n<h6>Combien de temps avez-vous mis pour construire ce site ?<\/h6>\n<p>cela c&rsquo;est fait tres rapidement , n&rsquo;\u00e9tant pas tres dou\u00e9 en informatique , j&rsquo;avais juste reussi a construire http:\/\/site.voila.fr\/LTD puis un jour un contact par e.mail m a propose de me faire un petit site en echange d&rsquo;une creation de LTD , j ai reserve le nom et 8 jours apres j&rsquo;avais ce que vous pouvez voir aujourd hui. Pas tres \u00ab\u00a0pro\u00a0\u00bb mais l&rsquo;essentiel , je ne voulais pas etre comme ces gros sites d&rsquo;evasion fiscale , avec cette simplicit\u00e9 ma clientele me ressemble.<\/p>\n<h6>Depuis quand le site existe-t-il ? DEPUIS 1992<\/h6>\n<p>depuis + 10 ans<\/p>\n<p>votre contact sur Londres en ma personne parle Fran\u00e7ais et suis malgres la concurrence un des seuls a reellement etre sur Londres .<br \/>\n Concernant les avantages d&rsquo;une Ltd<\/p>\n<h6>Pouvez vous nous donner quelques statistiques ?<\/h6>\n<p>je vous dirais mes atouts .<\/p>\n<p>-je suis actuellement je pense ,l un des meilleurs prix du march\u00e9 en terme de qualite\/prix<\/p>\n<p>-votre contact sur Londres en ma personne parle Fran\u00e7ais et suis malgres la concurrence un des seul a reellement etre sur Londres . Concernant les avantages d&rsquo;une Ltd<\/p>\n<p>-Avec une meme Ltd vous pouvez faire autant de business que vous desirez.<\/p>\n<p>-un regime administratif et fiscal tres simplifi\u00e9<\/p>\n<p>-aucune responsabilit\u00e9 civile en cas de coup dur , pas de saisie etc&#8230; maintenant , ma client\u00e8le est tres diverses.<\/p>\n<p>-le financier , creation a cours terme. Des \u00ab one shot \u00bb , on cree , fait son operation , on ferme<\/p>\n<p>-les artisans , commercants , vendeurs import\/export<\/p>\n<p>-de plus en plus de businessman utilisant le net pour vendre.<\/p>\n<p>-la seconde chance pour les autres , ceux qui ont tout perdu en France qui sont bloqu\u00e9s et qui peuvent se refaire ici.<\/p>\n<h6>Quel r\u00f4le occupez-vous au sein du site ?<\/h6>\n<p>Ceci est une affaire familiale , je travaille uniquement avec mon epouse , un partenaire et ami , accompagn\u00e9 de deux partenaires locaux Anglais , notre avocat pour des cr\u00e9ations bien sp\u00e9cifiques et bien sur un comptable pour notre compta et celle de nos clients qui le desirent<\/p>\n<h6>Combien de temps passez-vous par jour \u00e0 vous occupez du site ?<\/h6>\n<p>environ 6\/8 heures par jours 2 heures le matin et le reste surtout en fin de journ\u00e9e<\/p>\n<h6>Aviez-vous d\u00e9j\u00e0 d&rsquo;autres sites avant et maintenant ?<\/h6>\n<p>avant non , maintenant je travaille sur une plateforme entre la France et le Kenya<\/p>\n<p>Qui sera bient\u00f4t operationnelle . www.eurokenya.com<\/p>\n<h6>Que dire de + ?<\/h6>\n<p>j aime ma femme , mes enfants et mon petit frere qui est a Paris , hi hi hi , je plaisante un peu . Sinon serieusement , je dirais a mes futurs clients que s ils desirent creer une societe en U.K , nous devons nous dire la v\u00e9rite , le systeme Anglais est tres diff\u00e9rent , la banque est notre amie, quand on a un probl\u00e8me ou que l on a fait une betise ,on ne se cache pas ici , on va dire la verit\u00e9 ,on s excuse et on explique comment on va reparer et c&rsquo;est tout, d&rsquo;un autre cot\u00e9 si tout va bien rapidement elle se propose de vous aider a progresser . C&rsquo;est avec cette franchise que j&rsquo; ai des relations proffessionnelles et tr\u00e8s amicales avec 90% de mes clients.tous Fran\u00e7ais et Francophones dans les 4 coins du monde<\/p>\n<h6>Quels conseils pourriez-vous donner aux \u00ab\u00a0futurs\u00a0\u00bb webmasters ?<\/h6>\n<p>les bouquins ne disent pas que des con&#8230;. Lorsque j&rsquo;ai creer mon site , je lisais qu il me faudrait 3\/4 heures par jour pour m&rsquo;en occuper. j en doutais&#8230;.<\/p>\n<p>Merci d&rsquo;avoir r\u00e9pondu \u00e0 mes questions<\/p>\n<p>je vous en pris et merci a vous de l&rsquo;h\u00e9berger . Amicalement Ludo<br \/>\n#<br \/>\n<!-- \/epsilon\/about --><\/p>\n","protected":false},"excerpt":{"rendered":"<p>Votre Consultant en Affaires 39 Le Francais Au Service des Francais et des Francophones 30 100 center alignmiddle # ewf-btn&#8211;huge 32 # ewf-btn&#8211;huge 32 {\u00ab\u00a0top\u00a0\u00bb:\u00a0\u00bb5&Prime;,\u00a0\u00bbright\u00a0\u00bb:null,\u00a0\u00bbbottom\u00a0\u00bb:null,\u00a0\u00bbleft\u00a0\u00bb:null,\u00a0\u00bbunit\u00a0\u00bb:\u00a0\u00bbpx\u00a0\u00bb} {\u00ab\u00a0top\u00a0\u00bb:\u00a0\u00bb5&Prime;,\u00a0\u00bbright\u00a0\u00bb:null,\u00a0\u00bbbottom\u00a0\u00bb:null,\u00a0\u00bbleft\u00a0\u00bb:null,\u00a0\u00bbunit\u00a0\u00bb:\u00a0\u00bbpx\u00a0\u00bb} Interview avec le directeur Interview du webmaster de http:\/\/www.societeanglaise.com Pouvez-vous nous pr\u00e9senter votre site ? Quel est son r\u00f4le, ses objectifs&#8230; Mon objectif est de faire savoir a mes [&hellip;]<\/p>\n","protected":false},"author":1,"featured_media":0,"parent":0,"menu_order":0,"comment_status":"closed","ping_status":"closed","template":"","meta":{"footnotes":""},"class_list":["post-271","page","type-page","status-publish","hentry"],"yoast_head":"<!-- This site is optimized with the Yoast SEO plugin v27.3 - https:\/\/yoast.com\/product\/yoast-seo-wordpress\/ -->\n<title>Societe Anglaise Ltd - Soci\u00e9t\u00e9 britannique et ouverture de compte bancaire<\/title>\n<meta name=\"description\" content=\"Soci\u00e9t\u00e9 britannique et ouverture de compte bancaireEntreprise britannique et ouverture de compte bancaire avec gestion des comptes et d\u00e9clarations fiscales\" \/>\n<meta name=\"robots\" content=\"index, follow, max-snippet:-1, max-image-preview:large, max-video-preview:-1\" \/>\n<link rel=\"canonical\" href=\"https:\/\/societeanglaise.com\/index.php\/interview\/\" \/>\n<meta property=\"og:locale\" content=\"fr_FR\" \/>\n<meta property=\"og:type\" content=\"article\" \/>\n<meta property=\"og:title\" content=\"Societe Anglaise Ltd - Soci\u00e9t\u00e9 britannique et ouverture de compte bancaire\" \/>\n<meta property=\"og:description\" content=\"Soci\u00e9t\u00e9 britannique et ouverture de compte bancaireEntreprise britannique et ouverture de compte bancaire avec gestion des comptes et d\u00e9clarations fiscales\" \/>\n<meta property=\"og:url\" content=\"https:\/\/societeanglaise.com\/index.php\/interview\/\" \/>\n<meta property=\"og:site_name\" content=\"Societe Anglaise Ltd\" \/>\n<meta property=\"article:modified_time\" content=\"2026-02-21T13:35:30+00:00\" \/>\n<meta property=\"og:image\" content=\"https:\/\/societeanglaise.com\/wp-content\/uploads\/2019\/04\/london2-1600x600.jpg\" \/>\n<meta name=\"twitter:card\" content=\"summary_large_image\" \/>\n<meta name=\"twitter:label1\" content=\"Dur\u00e9e de lecture estim\u00e9e\" \/>\n\t<meta name=\"twitter:data1\" content=\"4 minutes\" \/>\n<script type=\"application\/ld+json\" class=\"yoast-schema-graph\">{\"@context\":\"https:\\\/\\\/schema.org\",\"@graph\":[{\"@type\":\"WebPage\",\"@id\":\"https:\\\/\\\/societeanglaise.com\\\/index.php\\\/interview\\\/\",\"url\":\"https:\\\/\\\/societeanglaise.com\\\/index.php\\\/interview\\\/\",\"name\":\"Societe Anglaise Ltd - Soci\u00e9t\u00e9 britannique et ouverture de compte bancaire\",\"isPartOf\":{\"@id\":\"https:\\\/\\\/societeanglaise.com\\\/#website\"},\"primaryImageOfPage\":{\"@id\":\"https:\\\/\\\/societeanglaise.com\\\/index.php\\\/interview\\\/#primaryimage\"},\"image\":{\"@id\":\"https:\\\/\\\/societeanglaise.com\\\/index.php\\\/interview\\\/#primaryimage\"},\"thumbnailUrl\":\"https:\\\/\\\/societeanglaise.com\\\/wp-content\\\/uploads\\\/2019\\\/04\\\/london2-1600x600.jpg\",\"datePublished\":\"2019-04-22T11:44:15+00:00\",\"dateModified\":\"2026-02-21T13:35:30+00:00\",\"description\":\"Soci\u00e9t\u00e9 britannique et ouverture de compte bancaireEntreprise britannique et ouverture de compte bancaire avec gestion des comptes et d\u00e9clarations fiscales\",\"breadcrumb\":{\"@id\":\"https:\\\/\\\/societeanglaise.com\\\/index.php\\\/interview\\\/#breadcrumb\"},\"inLanguage\":\"fr-FR\",\"potentialAction\":[{\"@type\":\"ReadAction\",\"target\":[\"https:\\\/\\\/societeanglaise.com\\\/index.php\\\/interview\\\/\"]}]},{\"@type\":\"ImageObject\",\"inLanguage\":\"fr-FR\",\"@id\":\"https:\\\/\\\/societeanglaise.com\\\/index.php\\\/interview\\\/#primaryimage\",\"url\":\"https:\\\/\\\/societeanglaise.com\\\/wp-content\\\/uploads\\\/2019\\\/04\\\/london2.jpg\",\"contentUrl\":\"https:\\\/\\\/societeanglaise.com\\\/wp-content\\\/uploads\\\/2019\\\/04\\\/london2.jpg\",\"width\":1920,\"height\":1080},{\"@type\":\"BreadcrumbList\",\"@id\":\"https:\\\/\\\/societeanglaise.com\\\/index.php\\\/interview\\\/#breadcrumb\",\"itemListElement\":[{\"@type\":\"ListItem\",\"position\":1,\"name\":\"Home\",\"item\":\"https:\\\/\\\/societeanglaise.com\\\/\"},{\"@type\":\"ListItem\",\"position\":2,\"name\":\"Interview\"}]},{\"@type\":\"WebSite\",\"@id\":\"https:\\\/\\\/societeanglaise.com\\\/#website\",\"url\":\"https:\\\/\\\/societeanglaise.com\\\/\",\"name\":\"Societe Anglaise Ltd\",\"description\":\"Votre Consultant en Affaires\",\"publisher\":{\"@id\":\"https:\\\/\\\/societeanglaise.com\\\/#organization\"},\"potentialAction\":[{\"@type\":\"SearchAction\",\"target\":{\"@type\":\"EntryPoint\",\"urlTemplate\":\"https:\\\/\\\/societeanglaise.com\\\/?s={search_term_string}\"},\"query-input\":{\"@type\":\"PropertyValueSpecification\",\"valueRequired\":true,\"valueName\":\"search_term_string\"}}],\"inLanguage\":\"fr-FR\"},{\"@type\":\"Organization\",\"@id\":\"https:\\\/\\\/societeanglaise.com\\\/#organization\",\"name\":\"Societe Anglaise Ltd\",\"url\":\"https:\\\/\\\/societeanglaise.com\\\/\",\"logo\":{\"@type\":\"ImageObject\",\"inLanguage\":\"fr-FR\",\"@id\":\"https:\\\/\\\/societeanglaise.com\\\/#\\\/schema\\\/logo\\\/image\\\/\",\"url\":\"https:\\\/\\\/societeanglaise.com\\\/wp-content\\\/uploads\\\/2019\\\/04\\\/logo.gif\",\"contentUrl\":\"https:\\\/\\\/societeanglaise.com\\\/wp-content\\\/uploads\\\/2019\\\/04\\\/logo.gif\",\"width\":150,\"height\":107,\"caption\":\"Societe Anglaise Ltd\"},\"image\":{\"@id\":\"https:\\\/\\\/societeanglaise.com\\\/#\\\/schema\\\/logo\\\/image\\\/\"}}]}<\/script>\n<!-- \/ Yoast SEO plugin. -->","yoast_head_json":{"title":"Societe Anglaise Ltd - Soci\u00e9t\u00e9 britannique et ouverture de compte bancaire","description":"Soci\u00e9t\u00e9 britannique et ouverture de compte bancaireEntreprise britannique et ouverture de compte bancaire avec gestion des comptes et d\u00e9clarations fiscales","robots":{"index":"index","follow":"follow","max-snippet":"max-snippet:-1","max-image-preview":"max-image-preview:large","max-video-preview":"max-video-preview:-1"},"canonical":"https:\/\/societeanglaise.com\/index.php\/interview\/","og_locale":"fr_FR","og_type":"article","og_title":"Societe Anglaise Ltd - Soci\u00e9t\u00e9 britannique et ouverture de compte bancaire","og_description":"Soci\u00e9t\u00e9 britannique et ouverture de compte bancaireEntreprise britannique et ouverture de compte bancaire avec gestion des comptes et d\u00e9clarations fiscales","og_url":"https:\/\/societeanglaise.com\/index.php\/interview\/","og_site_name":"Societe Anglaise Ltd","article_modified_time":"2026-02-21T13:35:30+00:00","og_image":[{"url":"https:\/\/societeanglaise.com\/wp-content\/uploads\/2019\/04\/london2-1600x600.jpg","type":"","width":"","height":""}],"twitter_card":"summary_large_image","twitter_misc":{"Dur\u00e9e de lecture estim\u00e9e":"4 minutes"},"schema":{"@context":"https:\/\/schema.org","@graph":[{"@type":"WebPage","@id":"https:\/\/societeanglaise.com\/index.php\/interview\/","url":"https:\/\/societeanglaise.com\/index.php\/interview\/","name":"Societe Anglaise Ltd - Soci\u00e9t\u00e9 britannique et ouverture de compte bancaire","isPartOf":{"@id":"https:\/\/societeanglaise.com\/#website"},"primaryImageOfPage":{"@id":"https:\/\/societeanglaise.com\/index.php\/interview\/#primaryimage"},"image":{"@id":"https:\/\/societeanglaise.com\/index.php\/interview\/#primaryimage"},"thumbnailUrl":"https:\/\/societeanglaise.com\/wp-content\/uploads\/2019\/04\/london2-1600x600.jpg","datePublished":"2019-04-22T11:44:15+00:00","dateModified":"2026-02-21T13:35:30+00:00","description":"Soci\u00e9t\u00e9 britannique et ouverture de compte bancaireEntreprise britannique et ouverture de compte bancaire avec gestion des comptes et d\u00e9clarations fiscales","breadcrumb":{"@id":"https:\/\/societeanglaise.com\/index.php\/interview\/#breadcrumb"},"inLanguage":"fr-FR","potentialAction":[{"@type":"ReadAction","target":["https:\/\/societeanglaise.com\/index.php\/interview\/"]}]},{"@type":"ImageObject","inLanguage":"fr-FR","@id":"https:\/\/societeanglaise.com\/index.php\/interview\/#primaryimage","url":"https:\/\/societeanglaise.com\/wp-content\/uploads\/2019\/04\/london2.jpg","contentUrl":"https:\/\/societeanglaise.com\/wp-content\/uploads\/2019\/04\/london2.jpg","width":1920,"height":1080},{"@type":"BreadcrumbList","@id":"https:\/\/societeanglaise.com\/index.php\/interview\/#breadcrumb","itemListElement":[{"@type":"ListItem","position":1,"name":"Home","item":"https:\/\/societeanglaise.com\/"},{"@type":"ListItem","position":2,"name":"Interview"}]},{"@type":"WebSite","@id":"https:\/\/societeanglaise.com\/#website","url":"https:\/\/societeanglaise.com\/","name":"Societe Anglaise Ltd","description":"Votre Consultant en Affaires","publisher":{"@id":"https:\/\/societeanglaise.com\/#organization"},"potentialAction":[{"@type":"SearchAction","target":{"@type":"EntryPoint","urlTemplate":"https:\/\/societeanglaise.com\/?s={search_term_string}"},"query-input":{"@type":"PropertyValueSpecification","valueRequired":true,"valueName":"search_term_string"}}],"inLanguage":"fr-FR"},{"@type":"Organization","@id":"https:\/\/societeanglaise.com\/#organization","name":"Societe Anglaise Ltd","url":"https:\/\/societeanglaise.com\/","logo":{"@type":"ImageObject","inLanguage":"fr-FR","@id":"https:\/\/societeanglaise.com\/#\/schema\/logo\/image\/","url":"https:\/\/societeanglaise.com\/wp-content\/uploads\/2019\/04\/logo.gif","contentUrl":"https:\/\/societeanglaise.com\/wp-content\/uploads\/2019\/04\/logo.gif","width":150,"height":107,"caption":"Societe Anglaise Ltd"},"image":{"@id":"https:\/\/societeanglaise.com\/#\/schema\/logo\/image\/"}}]}},"_links":{"self":[{"href":"https:\/\/societeanglaise.com\/index.php\/wp-json\/wp\/v2\/pages\/271","targetHints":{"allow":["GET"]}}],"collection":[{"href":"https:\/\/societeanglaise.com\/index.php\/wp-json\/wp\/v2\/pages"}],"about":[{"href":"https:\/\/societeanglaise.com\/index.php\/wp-json\/wp\/v2\/types\/page"}],"author":[{"embeddable":true,"href":"https:\/\/societeanglaise.com\/index.php\/wp-json\/wp\/v2\/users\/1"}],"replies":[{"embeddable":true,"href":"https:\/\/societeanglaise.com\/index.php\/wp-json\/wp\/v2\/comments?post=271"}],"version-history":[{"count":4,"href":"https:\/\/societeanglaise.com\/index.php\/wp-json\/wp\/v2\/pages\/271\/revisions"}],"predecessor-version":[{"id":309,"href":"https:\/\/societeanglaise.com\/index.php\/wp-json\/wp\/v2\/pages\/271\/revisions\/309"}],"wp:attachment":[{"href":"https:\/\/societeanglaise.com\/index.php\/wp-json\/wp\/v2\/media?parent=271"}],"curies":[{"name":"wp","href":"https:\/\/api.w.org\/{rel}","templated":true}]}}